hat is the tens digit of 4490?
9
What is the thousands digit of 49593?
9
What is the ten thousands digit of 109263?
0
What is the thousands digit of 10391?
0
What is the units digit of 32913?
3
What is the units digit of 2465?
5
What is the thousands digit of 99995?
9
What is the ten thousands digit of 100465?
0
What is the units digit of 3712?
2
What is the hundreds digit of 68945?
9
What is the thousands digit of 7596?
7
What is the hundreds digit of 42206?
2
What is the hundreds digit of 6048?
0
What is the ten thousands digit of 31709?
3
What is the tens digit of 4249?
4
What is the units digit of 771?
1
What is the units digit of 4533?
3
What is the hundreds digit of 4787?
7
What is the hundreds digit of 1212?
2
What is the tens digit of 42?
4
What is the units digit of 1321?
1
What is the units digit of 40137?
7
What is the tens digit of 1375?
7
What is the tens digit of 4532?
3
What is the thousands digit of 58127?
8
What is the units digit of 57772?
2
What is the hundreds digit of 625?
6
What is the tens digit of 5083?
8
What is the units digit of 5675?
5
What is the tens digit of 268?
6
What is the hundreds digit of 10555?
5
What is the hundreds digit of 105?
1
What is the tens digit of 543?
4
What is the tens digit of 504?
0
What is the units digit of 398?
8
What is the thousands digit of 11352?
1
What is the tens digit of 4334?
3
What is the tens digit of 19?
1
What is the units digit of 5957?
7
What is the units digit of 1793?
3
What is the thousands digit of 5274?
5
What is the thousands digit of 2204?
2
What is the tens digit of 427?
2
What is the ten thousands digit of 12873?
1
What is the hundreds digit of 245?
2
What is the thousands digit of 9073?
9
What is the tens digit of 9648?
4
What is the thousands digit of 1139?
1
What is the hundreds digit of 2487?
4
What is the tens digit of 2725?
2
What is the hundreds digit of 1958?
9
What is the tens digit of 2560?
6
What is the tens digit of 4157?
5
What is the units digit of 53365?
5
What is the hundreds digit of 12060?
0
What is the tens digit of 293?
9
What is the thousands digit of 13113?
3
What is the ten thousands digit of 69327?
6
What is the tens digit of 33802?
0
What is the tens digit of 8510?
1
What is the tens digit of 40257?
5
What is the units digit of 5812?
2
What is the tens digit of 1217?
1
What is the ten thousands digit of 59281?
5
What is the tens digit of 16102?
0
What is the hundreds digit of 4278?
2
What is the tens digit of 3938?
3
What is the tens digit of 466?
6
What is the thousands digit of 3712?
3
What is the hundreds digit of 7538?
5
What is the tens digit of 22394?
9
What is the tens digit of 475?
7
What is the thousands digit of 26381?
6
What is the thousands digit of 2852?
2
What is the units digit of 12958?
8
What is the tens digit of 57?
5
What is the tens digit of 548?
4
What is the units digit of 5463?
3
What is the hundreds digit of 66423?
4
What is the thousands digit of 4606?
4
What is the hundreds digit of 457?
4
What is the tens digit of 11488?
8
What is the hundreds digit of 490?
4
What is the ten thousands digit of 94211?
9
What is the thousands digit of 5390?
5
What is the units digit of 21457?
7
What is the thousands digit of 34322?
4
What is the thousands digit of 81060?
1
What is the units digit of 1079?
9
What is the ten thousands digit of 11891?
1
What is the units digit of 8010?
0
What is the ten thousands digit of 28966?
2
What is the tens digit of 56954?
5
What is the units digit of 445?
5
What is the hundreds digit of 6827?
8
What is the ten thousands digit of 100527?
0
What is the units digit of 388?
8
What is the thousands digit of 3230?
3
What is the hundreds digit of 1022?
0
What is the tens digit of 141248?
4
What is the units digit of 13804?
4
What is the hundreds digit of 21266?
2
What is the thousands digit of 1051?
1
What is the thousands digit of 105296?
5
What is the tens digit of 105?
0
What is the hundreds digit of 4625?
6
What is the units digit of 4799?
9
What is the units digit of 49537?
7
What is the thousands digit of 17626?
7
What is the hundred thousands digit of 105066?
1
What is the thousands digit of 1846?
1
What is the hundreds digit of 42147?
1
What is the units digit of 1758?
8
What is the tens digit of 139?
3
What is the units digit of 752?
2
What is the units digit of 2288?
8
What is the tens digit of 331?
3
What is the thousands digit of 73797?
3
What is the hundreds digit of 286?
2
What is the ten thousands digit of 94380?
9
What is the tens digit of 852?
5
What is the tens digit of 806?
0
What is the units digit of 30288?
8
What is the tens digit of 12854?
5
What is the units digit of 17177?
7
What is the units digit of 23889?
9
What is the hundreds digit of 339?
3
What is the ten thousands digit of 45534?
4
What is the thousands digit of 1436?
1
What is the tens digit of 986?
8
What is the units digit of 83904?
4
What is the units digit of 32401?
1
What is the ten thousands digit of 18201?
1
What is the tens digit of 129?
2
What is the ten thousands digit of 202265?
0
What is the tens digit of 157119?
1
What is the units digit of 180636?
6
What is the thousands digit of 9311?
9
What is the thousands digit of 13045?
3
What is the units digit of 4057?
7
What is the tens digit of 21480?
8
What is the thousands digit of 2178?
2
What is the hundreds digit of 20318?
3
What is the units digit of 778?
8
What is the hundreds digit of 1165?
1
What is the hundreds digit of 2702?
7
What is the units digit of 1008?
8
What is the hundreds digit of 23534?
5
What is the tens digit of 8466?
6
What is the units digit of 943?
3
What is the units digit of 275?
5
What is the tens digit of 3121?
2
What is the tens digit of 2632?
3
What is the tens digit of 942?
4
What is the tens digit of 27915?
1
What is the tens digit of 5712?
1
What is the tens digit of 706?
0
What is the tens digit of 5331?
3
What is the hundred thousands digit of 105689?
1
What is the units digit of 700?
0
What is the tens digit of 4269?
6
What is the units digit of 911?
1
What is the units digit of 919?
9
What is the hundreds digit of 11367?
3
What is the hundreds digit of 22523?
5
What is the units digit of 3105?
5
What is the hundreds digit of 2154?
1
What is the units digit of 10531?
1
What is the tens digit of 47717?
1
What is the units digit of 9844?
4
What is the hundred thousands digit of 101061?
1
What is the units digit of 6990?
0
What is the tens digit of 835?
3
What is the units digit of 464?
4
What is the hundreds digit of 2118?
1
What is the thousands digit of 6673?
6
What is the thousands digit of 2292?
2
What is the units digit of 2131?
1
What is the hundreds digit of 53365?
3
What is the tens digit of 724?
2
What is the tens digit of 850?
5
What is the tens digit of 80?
8
What is the thousands digit of 6938?
6
What is the thousands digit of 3124?
3
What is the hundreds digit of 558?
5
What is the hundreds digit of 8338?
3
What is the hundreds digit of 39241?
2
What is the thousands digit of 13670?
3
What is the hundreds digit of 19735?
7
What is the thousands digit of 41611?
1
What is the tens digit of 3528?
2
What is the tens digit of 1485?
8
What is the hundreds digit of 2740?
7
What is the ten thousands digit of 20530?
2
What is the tens digit of 7398?
9
What is the thousands digit of 8621?
8
What is the ten thousands digit of 59399?
5
What is the hundreds digit of 56445?
4
What is the thousands digit of 14642?
4
What is the units digit of 2742?
2
What is the units digit of 9223?
3
What is the units digit of 34994?
4
What is the units digit of 942?
2
What is the tens digit of 36154?
5
What is the tens digit of 1649?
4
What is the units digit of 2387?
7
What is the hundreds digit of 15745?
7
What is the hundreds digit of 225?
2
What is the tens digit of 953?
5
What is the thousands digit of 9791?
9
What is the hundreds digit of 160?
1
What is the tens digit of 519?
1
What is the hundreds digit of 110267?
2
What is the hundred thousands digit of 138729?
1
What is the thousands digit of 14893?
4
What is the tens digit of 2498?
9
What is the hundreds digit of 1257?
2
What is the tens digit of 5824?
2
What is the units digit of 2466?
6
What is the tens digit of 349?
4
What is the hundreds digit of 9372?
3
What is the hundreds